{"id":1934,"date":"2024-06-03T07:44:30","date_gmt":"2024-06-03T10:44:30","guid":{"rendered":"https:\/\/h.mkfetlabs.com\/?page_id=1934"},"modified":"2024-06-09T01:09:10","modified_gmt":"2024-06-09T04:09:10","slug":"pagos-por-transferencia","status":"publish","type":"page","link":"https:\/\/h.mkfetlabs.com\/index.php\/pagos-por-transferencia\/","title":{"rendered":"Pagos por transferencia"},"content":{"rendered":"\n<p>Estimado Cliente:<\/p>\n\n\n\n<p>Para su comodidad, disponemos de dos cuentas para el pago mediante transferencia bancaria. A continuaci\u00f3n, encontrar\u00e1 los detalles de ambas cuentas.<\/p>\n\n\n\n<div class=\"wp-block-stackable-divider aligncenter stk-block-divider stk-block stk-b5b40b9\" data-block-id=\"b5b40b9\"><hr class=\"stk-block-divider__hr\"\/><\/div>\n\n\n\n<p class=\"has-text-align-center has-palette-color-5-background-color has-background\"><strong>Cuenta 01: Mercado Pago<\/strong><\/p>\n\n\n\n<div class=\"wp-block-stackable-divider aligncenter stk-block-divider stk-block stk-34fa9fa\" data-block-id=\"34fa9fa\"><hr class=\"stk-block-divider__hr\"\/><\/div>\n\n\n\n<div class=\"wp-block-stackable-columns stk-block-columns stk-block stk-b1eae96\" data-block-id=\"b1eae96\"><div class=\"stk-row stk-inner-blocks stk-block-content stk-content-align stk-b1eae96-column\">\n<div class=\"wp-block-stackable-column stk-block-column stk-column stk-block stk-ae6dc67\" data-v=\"4\" data-block-id=\"ae6dc67\"><div class=\"stk-column-wrapper stk-block-column__content stk-container stk-ae6dc67-container stk--no-background stk--no-padding\"><div class=\"stk-block-content stk-inner-blocks stk-ae6dc67-inner-blocks\">\n<figure class=\"wp-block-image aligncenter size-large\"><img loading=\"lazy\" decoding=\"async\" width=\"1024\" height=\"433\" src=\"https:\/\/h.mkfetlabs.com\/wp-content\/uploads\/2024\/06\/Screenshot_20240603-064903-1024x433.png\" alt=\"\" class=\"wp-image-1935\" srcset=\"https:\/\/h.mkfetlabs.com\/wp-content\/uploads\/2024\/06\/Screenshot_20240603-064903-1024x433.png 1024w, https:\/\/h.mkfetlabs.com\/wp-content\/uploads\/2024\/06\/Screenshot_20240603-064903-300x127.png 300w, https:\/\/h.mkfetlabs.com\/wp-content\/uploads\/2024\/06\/Screenshot_20240603-064903-768x325.png 768w, https:\/\/h.mkfetlabs.com\/wp-content\/uploads\/2024\/06\/Screenshot_20240603-064903-48x20.png 48w, https:\/\/h.mkfetlabs.com\/wp-content\/uploads\/2024\/06\/Screenshot_20240603-064903.png 1080w\" sizes=\"auto, (max-width: 1024px) 100vw, 1024px\" \/><\/figure>\n<\/div><\/div><\/div>\n\n\n\n<div class=\"wp-block-stackable-column stk-block-column stk-column stk-block stk-2beff62\" data-v=\"4\" data-block-id=\"2beff62\"><div class=\"stk-column-wrapper stk-block-column__content stk-container stk-2beff62-container stk--no-background stk--no-padding\"><div class=\"stk-block-content stk-inner-blocks stk-2beff62-inner-blocks\">\n<p><\/p>\n\n\n\n<p><\/p>\n\n\n\n<p class=\"has-text-align-center\">Alias: mkfet.labs<br>CVU: 0000003100193490989448<\/p>\n<\/div><\/div><\/div>\n<\/div><\/div>\n\n\n\n<div class=\"wp-block-stackable-divider aligncenter stk-block-divider stk-block stk-a431ac5\" data-block-id=\"a431ac5\"><hr class=\"stk-block-divider__hr\"\/><\/div>\n\n\n\n<p class=\"has-text-align-center has-palette-color-5-background-color has-background\"><strong>Cuenta 02: Nuevo Banco del Chaco<\/strong><\/p>\n\n\n\n<div class=\"wp-block-stackable-divider aligncenter stk-block-divider stk-block stk-fe77331\" data-block-id=\"fe77331\"><hr class=\"stk-block-divider__hr\"\/><\/div>\n\n\n\n<div class=\"wp-block-stackable-columns stk-block-columns stk-block stk-0e99924\" data-block-id=\"0e99924\"><div class=\"stk-row stk-inner-blocks stk-block-content stk-content-align stk-0e99924-column\">\n<div class=\"wp-block-stackable-column stk-block-column stk-column stk-block stk-3e98897\" data-v=\"4\" data-block-id=\"3e98897\"><style>@media screen and (min-width:690px){.stk-3e98897{flex:var(--stk-flex-grow,1) 1 calc(53% - var(--stk-column-gap,0px) * 1 \/ 2 ) !important}}<\/style><div class=\"stk-column-wrapper stk-block-column__content stk-container stk-3e98897-container stk--no-background stk--no-padding\"><div class=\"stk-block-content stk-inner-blocks stk-3e98897-inner-blocks\">\n<figure class=\"wp-block-image aligncenter size-large is-resized\"><img loading=\"lazy\" decoding=\"async\" width=\"925\" height=\"1024\" src=\"https:\/\/h.mkfetlabs.com\/wp-content\/uploads\/2024\/06\/Screenshot_20240603-071217-925x1024.png\" alt=\"\" class=\"wp-image-1937\" style=\"width:450px;height:auto\" srcset=\"https:\/\/h.mkfetlabs.com\/wp-content\/uploads\/2024\/06\/Screenshot_20240603-071217-925x1024.png 925w, https:\/\/h.mkfetlabs.com\/wp-content\/uploads\/2024\/06\/Screenshot_20240603-071217-271x300.png 271w, https:\/\/h.mkfetlabs.com\/wp-content\/uploads\/2024\/06\/Screenshot_20240603-071217-768x850.png 768w, https:\/\/h.mkfetlabs.com\/wp-content\/uploads\/2024\/06\/Screenshot_20240603-071217-300x332.png 300w, https:\/\/h.mkfetlabs.com\/wp-content\/uploads\/2024\/06\/Screenshot_20240603-071217-48x53.png 48w, https:\/\/h.mkfetlabs.com\/wp-content\/uploads\/2024\/06\/Screenshot_20240603-071217.png 1080w\" sizes=\"auto, (max-width: 925px) 100vw, 925px\" \/><\/figure>\n<\/div><\/div><\/div>\n\n\n\n<div class=\"wp-block-stackable-column stk-block-column stk-column stk-block stk-4afa9b9\" data-v=\"4\" data-block-id=\"4afa9b9\"><style>@media screen and (min-width:690px){.stk-4afa9b9{flex:var(--stk-flex-grow,1) 1 calc(47% - var(--stk-column-gap,0px) * 1 \/ 2 ) !important}}<\/style><div class=\"stk-column-wrapper stk-block-column__content stk-container stk-4afa9b9-container stk--no-background stk--no-padding\"><div class=\"stk-block-content stk-inner-blocks stk-4afa9b9-inner-blocks\">\n<p><\/p>\n\n\n\n<p><\/p>\n\n\n\n<p><\/p>\n\n\n\n<p>Datos de cuenta de Gil Gustavo Alejandro<br>NUEVO BANCO DEL CHACO S. A.<br>CBU: 3110030211000051788072<br>Alias CBU: mkfet.labs.2<br>Moneda: ARS<br>CUIT\/CUIL: 20-33290266-1<\/p>\n<\/div><\/div><\/div>\n<\/div><\/div>\n\n\n\n<div class=\"wp-block-stackable-divider aligncenter stk-block-divider stk-block stk-ec9ddae\" data-block-id=\"ec9ddae\"><hr class=\"stk-block-divider__hr\"\/><\/div>\n\n\n\n<figure class=\"wp-block-table\"><table class=\"has-palette-color-5-background-color has-background\"><tbody><tr><td><strong>Le solicitamos amablemente que, una vez realizada la transferencia, nos env\u00ede el comprobante de pago a los n\u00fameros de contacto o correos electr\u00f3nicos indicados, junto con el enlace del producto seleccionado. Esto es esencial para procesar su pedido de manera eficiente.<\/strong><\/td><\/tr><\/tbody><\/table><\/figure>\n\n\n\n<div class=\"wp-block-stackable-divider aligncenter stk-block-divider stk-block stk-f3e9829\" data-block-id=\"f3e9829\"><hr class=\"stk-block-divider__hr\"\/><\/div>\n\n\n\n<p>Una vez recibida esta informaci\u00f3n, uno de nuestros asesores de ventas se pondr\u00e1 en contacto con usted para confirmar su compra y coordinar el env\u00edo. Recuerde que todos los productos cuentan con garant\u00eda de f\u00e1brica y en caso de arrepentimiento, puede realizar el pedido de reembolso dentro de las primeras 24 horas <em>(no aplica a componentes electr\u00f3nicos).<\/em><\/p>\n\n\n\n<p>Agradecemos su cooperaci\u00f3n y preferencia, atentamente, el equ\u00edpo de <em><strong>h.mkfetlabs.com<\/strong><\/em><\/p>\n\n\n\n<div class=\"wp-block-stackable-divider aligncenter stk-block-divider has-text-align-center stk-block stk-450eb86 stk-block-background\" data-block-id=\"450eb86\"><style>.stk-450eb86 hr.stk-block-divider__hr{height:5px !important;width:50% !important}<\/style><hr class=\"stk-block-divider__hr\"\/><\/div>\n\n\n\n<p class=\"has-text-align-center\"><strong>Contactos<\/strong><\/p>\n\n\n\n<div class=\"wp-block-stackable-columns stk-block-columns stk-block stk-7d6bbfd\" data-block-id=\"7d6bbfd\"><div class=\"stk-row stk-inner-blocks stk-block-content stk-content-align stk-7d6bbfd-column\">\n<div class=\"wp-block-stackable-column stk-block-column stk-column stk-block stk-d92a076\" data-v=\"4\" data-block-id=\"d92a076\"><div class=\"stk-column-wrapper stk-block-column__content stk-container stk-d92a076-container stk--no-background stk--no-padding\"><div class=\"stk-block-content stk-inner-blocks stk-d92a076-inner-blocks\">\n<figure class=\"wp-block-image aligncenter size-full\"><a href=\"https:\/\/wa.link\/fc0tm0\"><img loading=\"lazy\" decoding=\"async\" width=\"1024\" height=\"282\" src=\"https:\/\/h.mkfetlabs.com\/wp-content\/uploads\/2024\/06\/WhatsApp_logo.svg.png\" alt=\"\" class=\"wp-image-1946\" srcset=\"https:\/\/h.mkfetlabs.com\/wp-content\/uploads\/2024\/06\/WhatsApp_logo.svg.png 1024w, https:\/\/h.mkfetlabs.com\/wp-content\/uploads\/2024\/06\/WhatsApp_logo.svg-300x83.png 300w, https:\/\/h.mkfetlabs.com\/wp-content\/uploads\/2024\/06\/WhatsApp_logo.svg-768x212.png 768w, https:\/\/h.mkfetlabs.com\/wp-content\/uploads\/2024\/06\/WhatsApp_logo.svg-48x13.png 48w\" sizes=\"auto, (max-width: 1024px) 100vw, 1024px\" \/><\/a><\/figure>\n<\/div><\/div><\/div>\n\n\n\n<div class=\"wp-block-stackable-column stk-block-column stk-column stk-block stk-e3faaf3\" data-v=\"4\" data-block-id=\"e3faaf3\"><div class=\"stk-column-wrapper stk-block-column__content stk-container stk-e3faaf3-container stk--no-background stk--no-padding\"><div class=\"stk-block-content stk-inner-blocks stk-e3faaf3-inner-blocks\">\n<p><\/p>\n\n\n\n<p class=\"has-text-align-center\"><strong>Mail: ventas@h.mkfetlabs.com <a href=\"https:\/\/mail.hostinger.com\/?_task=mail&amp;_mbox=INBOX#\"><\/a><\/strong><\/p>\n<\/div><\/div><\/div>\n<\/div><\/div>\n\n\n\n<div class=\"wp-block-stackable-divider aligncenter stk-block-divider stk-block stk-9934c80\" data-block-id=\"9934c80\"><hr class=\"stk-block-divider__hr\"\/><\/div>\n\n\n\n<div class=\"wp-block-buttons alignwide is-content-justification-center is-layout-flex wp-container-core-buttons-is-layout-a89b3969 wp-block-buttons-is-layout-flex\">\n<div class=\"wp-block-button\"><a class=\"wp-block-button__link wp-element-button\" href=\"http:\/\/h.mkfetlabs.com\">Ir al inicio<\/a><\/div>\n<\/div>\n","protected":false},"excerpt":{"rendered":"<p>Estimado Cliente: Para su comodidad, disponemos de dos cuentas para el pago mediante transferencia bancaria. A continuaci\u00f3n, encontrar\u00e1 los detalles de ambas cuentas. Cuenta 01: Mercado Pago Alias: mkfet.labsCVU: 0000003100193490989448 Cuenta 02: Nuevo Banco del Chaco Datos de cuenta de Gil Gustavo AlejandroNUEVO BANCO DEL CHACO S. A.CBU: 3110030211000051788072Alias CBU: mkfet.labs.2Moneda: ARSCUIT\/CUIL: 20-33290266-1 Le solicitamos [&hellip;]<\/p>\n","protected":false},"author":1,"featured_media":0,"parent":0,"menu_order":0,"comment_status":"closed","ping_status":"closed","template":"","meta":{"footnotes":""},"class_list":["post-1934","page","type-page","status-publish","hentry"],"blocksy_meta":[],"jetpack_sharing_enabled":true,"_links":{"self":[{"href":"https:\/\/h.mkfetlabs.com\/index.php\/wp-json\/wp\/v2\/pages\/1934","targetHints":{"allow":["GET"]}}],"collection":[{"href":"https:\/\/h.mkfetlabs.com\/index.php\/wp-json\/wp\/v2\/pages"}],"about":[{"href":"https:\/\/h.mkfetlabs.com\/index.php\/wp-json\/wp\/v2\/types\/page"}],"author":[{"embeddable":true,"href":"https:\/\/h.mkfetlabs.com\/index.php\/wp-json\/wp\/v2\/users\/1"}],"replies":[{"embeddable":true,"href":"https:\/\/h.mkfetlabs.com\/index.php\/wp-json\/wp\/v2\/comments?post=1934"}],"version-history":[{"count":28,"href":"https:\/\/h.mkfetlabs.com\/index.php\/wp-json\/wp\/v2\/pages\/1934\/revisions"}],"predecessor-version":[{"id":1987,"href":"https:\/\/h.mkfetlabs.com\/index.php\/wp-json\/wp\/v2\/pages\/1934\/revisions\/1987"}],"wp:attachment":[{"href":"https:\/\/h.mkfetlabs.com\/index.php\/wp-json\/wp\/v2\/media?parent=1934"}],"curies":[{"name":"wp","href":"https:\/\/api.w.org\/{rel}","templated":true}]}}