{"id":1704,"date":"2024-04-08T01:27:25","date_gmt":"2024-04-08T04:27:25","guid":{"rendered":"https:\/\/h.mkfetlabs.com\/?post_type=product&#038;p=1704"},"modified":"2025-01-16T10:53:34","modified_gmt":"2025-01-16T13:53:34","slug":"soldadora-inverter-megairon100-8","status":"publish","type":"product","link":"https:\/\/h.mkfetlabs.com\/index.php\/producto\/soldadora-inverter-megairon100-8\/","title":{"rendered":"Soldadora inverter MEGAIRON100-8"},"content":{"rendered":"<p><strong>CARACTER\u00cdSTICAS T\u00c9CNICAS<\/strong>:<br \/>\n\u2022 Tensi\u00f3n de entrada (V): 1ph AC220<br \/>\n\u2022 Frecuencia (Hz): 50.<br \/>\n\u2022 Capacidad de entrada nominal: 4,2 Kw<br \/>\n\u2022 Corriente de entrada nominal: 18,4 (A)<br \/>\n\u2022 Ciclo de trabajo MMA: 30%@105A<br \/>\n\u2022 Tensi\u00f3n en vac\u00edo : 66 V<br \/>\n\u2022 Eficiencia: 85%<br \/>\n\u2022 Clase de protecci\u00f3n: IP21S<br \/>\n\u2022 Grado de aislamiento: H<br \/>\n\u2022 Tipo de enfriamiento: FORZADO<br \/>\n\u2022 Electrodos: 1,6 &#8211; 3,2<br \/>\n<strong>INCLUYE<\/strong>:<br \/>\n&#8211; 1 soldadora inverter MEGAIRON100-8<br \/>\n&#8211; 1 m\u00e1scara fotosensible ST-1X<br \/>\n&#8211; 2 escuadras magneticas LQE-6001<\/p>\n<p>&nbsp;<\/p>\n","protected":false},"excerpt":{"rendered":"<p><span style=\"color: #ff0000;\"><strong>Este producto estar\u00e1 disponible 7 d\u00edas despu\u00e9s de la compra.<\/strong><\/span><\/p>\n<blockquote>\n<ul>\n<li><strong><a class=\"wplink-url-error\" tabindex=\"-1\" href=\"https:\/\/h.mkfetlabs.com\/index.php\/pagos-por-transferencia\/\" target=\"_blank\" rel=\"noopener\">Para pagos por transferencia, clic aqu\u00ed.<\/a><\/strong><\/li>\n<\/ul>\n<\/blockquote>\n<p>La soldadora Inverter L\u00fcsqtoff MEGAIRON100-8 es una herramienta vers\u00e1til, ideal para reparaciones y mantenimiento de estructuras met\u00e1licas como rejas, portones, marcos de puertas y ventanas, sistemas de calefacci\u00f3n y refrigeraci\u00f3n, tuber\u00edas y ca\u00f1er\u00edas, fabricaci\u00f3n de muebles, y m\u00e1s.<\/p>\n<p>Su dise\u00f1o port\u00e1til y capacidad de funcionar con generadores la hace adecuada para trabajos en lugares remotos o al aire libre.<\/p>\n<p>Recuerda siempre seguir las medidas de seguridad al utilizar cualquier equipo de soldadura. \u00a1Buena suerte en tus proyectos de soldadura! \ud83d\udd25\ud83d\udee0\ufe0f<\/p>\n<p><strong>&#8211; 6 Meses de Garant\u00eda.<\/strong><\/p>\n<p><iframe loading=\"lazy\" src=\"https:\/\/www.youtube.com\/embed\/PV_DsdupRDo\" width=\"560\" height=\"315\" frameborder=\"0\" allowfullscreen=\"allowfullscreen\"><\/iframe><\/p>\n","protected":false},"featured_media":1705,"comment_status":"open","ping_status":"closed","template":"","meta":[],"product_brand":[],"product_cat":[28,44,27],"product_tag":[36,35],"class_list":{"0":"post-1704","1":"product","2":"type-product","3":"status-publish","4":"has-post-thumbnail","6":"product_cat-hobbista","7":"product_cat-mma","8":"product_cat-soldadoras","9":"product_tag-mma","10":"product_tag-soldadora-mma","12":"first","13":"outofstock","14":"shipping-taxable","15":"purchasable","16":"product-type-simple"},"jetpack_sharing_enabled":true,"_links":{"self":[{"href":"https:\/\/h.mkfetlabs.com\/index.php\/wp-json\/wp\/v2\/product\/1704","targetHints":{"allow":["GET"]}}],"collection":[{"href":"https:\/\/h.mkfetlabs.com\/index.php\/wp-json\/wp\/v2\/product"}],"about":[{"href":"https:\/\/h.mkfetlabs.com\/index.php\/wp-json\/wp\/v2\/types\/product"}],"replies":[{"embeddable":true,"href":"https:\/\/h.mkfetlabs.com\/index.php\/wp-json\/wp\/v2\/comments?post=1704"}],"wp:featuredmedia":[{"embeddable":true,"href":"https:\/\/h.mkfetlabs.com\/index.php\/wp-json\/wp\/v2\/media\/1705"}],"wp:attachment":[{"href":"https:\/\/h.mkfetlabs.com\/index.php\/wp-json\/wp\/v2\/media?parent=1704"}],"wp:term":[{"taxonomy":"product_brand","embeddable":true,"href":"https:\/\/h.mkfetlabs.com\/index.php\/wp-json\/wp\/v2\/product_brand?post=1704"},{"taxonomy":"product_cat","embeddable":true,"href":"https:\/\/h.mkfetlabs.com\/index.php\/wp-json\/wp\/v2\/product_cat?post=1704"},{"taxonomy":"product_tag","embeddable":true,"href":"https:\/\/h.mkfetlabs.com\/index.php\/wp-json\/wp\/v2\/product_tag?post=1704"}],"curies":[{"name":"wp","href":"https:\/\/api.w.org\/{rel}","templated":true}]}}