{"id":1748,"date":"2024-04-13T19:15:18","date_gmt":"2024-04-13T22:15:18","guid":{"rendered":"https:\/\/h.mkfetlabs.com\/?post_type=product&#038;p=1748"},"modified":"2025-01-16T11:14:46","modified_gmt":"2025-01-16T14:14:46","slug":"soldadora-inverter-mma-mig-dual-evomig-205","status":"publish","type":"product","link":"https:\/\/h.mkfetlabs.com\/index.php\/producto\/soldadora-inverter-mma-mig-dual-evomig-205\/","title":{"rendered":"Soldadora inverter MMA-MIG DUAL &#8211; EVOMIG-205"},"content":{"rendered":"<p><code>CARACTER\u00cdSTICAS T\u00c9CNICAS:<\/code><\/p>\n<p>\u2022 Tensi\u00f3n de entrada: 1 Ph AC 220 V ( \u00b1 15%).<br \/>\n\u2022 Frecuencia : 50 Hz<br \/>\n\u2022 Capacidad de entrada nominal : 6,6 Kw<br \/>\n\u2022 Corriente de entrada nominal: 30 A<br \/>\n\u2022 Ciclo de trabajo MIG-MAG ( 45 \u00baC) (%): 139 A \/ 21 V<br \/>\n@ 100% \/\/ 180 A \/ 23 V @ 60%<br \/>\n\u2022 Ciclo de trabajo MMA ( 45 \u00baC) (%): 124 A \/ 25 V<br \/>\n@ 100% \/\/ 160 A \/ 26,4 V @ 60%<br \/>\n\u2022 Tensi\u00f3n en vac\u00edo: 65 V<br \/>\n\u2022 Rango de trabajo de salida MIG MAG (A) : 30 \/ 180<br \/>\n\u2022 Rango de trabajo de salida MMA (A): 30 \/ 160<br \/>\n\u2022 Eficiencia: 85 %<br \/>\n\u2022 Clase de protecci\u00f3n : IP21S<br \/>\n\u2022 Grado de aislamiento: H<br \/>\n\u2022 Norma t\u00e9cnica: (IEC) EN 60974-1<br \/>\n\u2022 Tipo de enfriamiento: forzado<br \/>\n\u2022 Tama\u00f1o : 485 X 290 X 310 mm<br \/>\n\u2022 Peso : 13,2 Kg<\/p>\n<p>&nbsp;<\/p>\n","protected":false},"excerpt":{"rendered":"<p><span style=\"color: #ff0000;\"><strong>Este producto estar\u00e1 disponible 7 d\u00edas despu\u00e9s de la compra.<\/strong><\/span><\/p>\n<blockquote>\n<ul>\n<li><strong><a class=\"wplink-url-error\" tabindex=\"-1\" href=\"https:\/\/h.mkfetlabs.com\/index.php\/pagos-por-transferencia\/\" target=\"_blank\" rel=\"noopener\">Para pagos por transferencia, clic aqu\u00ed.<\/a><\/strong><\/li>\n<\/ul>\n<\/blockquote>\n<p>\u2022 Especial para utilizar alambres de 0,6 mm, 0,8 mm Y 0,9 mm.<br \/>\n\u2022 Especial para trabajar electrodos de 3,25 mm continuo y hasta electrodos 4 mm.<br \/>\n\u2022 Tipos de Insumos: electrodos, alambres macizos y alambres tubulares.<br \/>\n\u2022 Capacidad de rollos de alambres: 1 Kg y 5 Kg.<br \/>\n\u2022 Con control de inductancia.<br \/>\n\u2022 Posee control 2T y 4T.<br \/>\n\u2022 Incluye una torcha MIG con EURO ACOPLE.<br \/>\n\u2022 Apta para soldadura con alambre flux.<br \/>\n\u2022 Tipo de clavija: DKJ 10-25.<\/p>\n","protected":false},"featured_media":1749,"comment_status":"open","ping_status":"closed","template":"","meta":[],"product_brand":[],"product_cat":[42,27],"product_tag":[40,34,36],"class_list":{"0":"post-1748","1":"product","2":"type-product","3":"status-publish","4":"has-post-thumbnail","6":"product_cat-dual","7":"product_cat-soldadoras","8":"product_tag-dual","9":"product_tag-mig","10":"product_tag-mma","12":"first","13":"outofstock","14":"shipping-taxable","15":"purchasable","16":"product-type-simple"},"jetpack_sharing_enabled":true,"_links":{"self":[{"href":"https:\/\/h.mkfetlabs.com\/index.php\/wp-json\/wp\/v2\/product\/1748","targetHints":{"allow":["GET"]}}],"collection":[{"href":"https:\/\/h.mkfetlabs.com\/index.php\/wp-json\/wp\/v2\/product"}],"about":[{"href":"https:\/\/h.mkfetlabs.com\/index.php\/wp-json\/wp\/v2\/types\/product"}],"replies":[{"embeddable":true,"href":"https:\/\/h.mkfetlabs.com\/index.php\/wp-json\/wp\/v2\/comments?post=1748"}],"wp:featuredmedia":[{"embeddable":true,"href":"https:\/\/h.mkfetlabs.com\/index.php\/wp-json\/wp\/v2\/media\/1749"}],"wp:attachment":[{"href":"https:\/\/h.mkfetlabs.com\/index.php\/wp-json\/wp\/v2\/media?parent=1748"}],"wp:term":[{"taxonomy":"product_brand","embeddable":true,"href":"https:\/\/h.mkfetlabs.com\/index.php\/wp-json\/wp\/v2\/product_brand?post=1748"},{"taxonomy":"product_cat","embeddable":true,"href":"https:\/\/h.mkfetlabs.com\/index.php\/wp-json\/wp\/v2\/product_cat?post=1748"},{"taxonomy":"product_tag","embeddable":true,"href":"https:\/\/h.mkfetlabs.com\/index.php\/wp-json\/wp\/v2\/product_tag?post=1748"}],"curies":[{"name":"wp","href":"https:\/\/api.w.org\/{rel}","templated":true}]}}