{"id":1756,"date":"2024-04-14T01:06:07","date_gmt":"2024-04-14T04:06:07","guid":{"rendered":"https:\/\/h.mkfetlabs.com\/?post_type=product&#038;p=1756"},"modified":"2026-04-01T11:31:14","modified_gmt":"2026-04-01T14:31:14","slug":"soldadora-inverter-mma-mig-dual-evomig-220","status":"publish","type":"product","link":"https:\/\/h.mkfetlabs.com\/index.php\/producto\/soldadora-inverter-mma-mig-dual-evomig-220\/","title":{"rendered":"Soldadora inverter MMA-MIG DUAL EVOMIG-220"},"content":{"rendered":"<p>CARACTER\u00cdSTICAS T\u00c9CNICAS:<\/p>\n<p>\u2022 Tensi\u00f3n de entrada: 1 Ph AC 220 V ( \u00b1 15%)<br \/>\n\u2022 Frecuencia: 50 Hz<br \/>\n\u2022 Capacidad de entrada nominal: 9,7 Kw<br \/>\n\u2022 Corriente de entrada nominal: 44 A<br \/>\n\u2022 Ciclo de trabajo MIG-MAG ( 25 \u00baC) (%): 119 A \/ 20 V<br \/>\n@ 100% \/\/ 200 A \/ 24 V @ 35%<br \/>\n\u2022 Ciclo de trabajo MMA ( 25 \u00baC) (%): 106 A \/ 24 V<br \/>\n@ 100% \/\/ 180 A \/ 27,2 V @ 35%<br \/>\n\u2022 Tensi\u00f3n en vac\u00edo MIG-MAG: 30 V<br \/>\n\u2022 Tensi\u00f3n en vac\u00edo MMA: 65 V<br \/>\n\u2022 Rango de trabajo de salida MIG-MAG (A): 40 \/ 200<br \/>\n\u2022 Rango de trabajo de salida MMA (A): 40 \/ 180<br \/>\n\u2022 Eficiencia: 85 %<br \/>\n\u2022 Clase de protecci\u00f3n: IP21S<br \/>\n\u2022 Grado de aislamiento : H<br \/>\n\u2022 Norma t\u00e9cnica: (IEC) EN 60974-1<br \/>\n\u2022 Tipo de enfriamiento: forzado<br \/>\n\u2022 Tama\u00f1o: 420 X 210 X 240 mm<br \/>\n\u2022 Peso: 15 Kg<\/p>\n<p>&nbsp;<\/p>\n","protected":false},"excerpt":{"rendered":"<p><span style=\"color: #ff0000;\"><strong>Este producto estar\u00e1 disponible 7 d\u00edas despu\u00e9s de la compra.<\/strong><\/span><\/p>\n<blockquote>\n<ul>\n<li><strong><a class=\"wplink-url-error\" tabindex=\"-1\" href=\"https:\/\/h.mkfetlabs.com\/index.php\/pagos-por-transferencia\/\" target=\"_blank\" rel=\"noopener\">Para pagos por transferencia, clic aqu\u00ed.<\/a><\/strong><\/li>\n<\/ul>\n<\/blockquote>\n<p>\u2022 Especial para utilizar alambres de 0,6 mm, 0,8 mm, 0,9 mm y 1 mm.<br \/>\n\u2022 Especial para trabajar electrodos de 2,5 mm continuo y hasta electrodos 4 mm.<br \/>\n\u2022 Tipos de insumos: electrodos, alambres macizos y alambres tubulares.<br \/>\n\u2022 Capacidad de rollos de alambres: 1 Kg y 5 Kg.<br \/>\n\u2022 Incluye una torcha MIG con EURO ACOPLE.<br \/>\n\u2022 Apta para soldadura con alambre flux.<br \/>\n\u2022 Tipo de clavija: DKJ 10-25.<\/p>\n<p>2 A\u00f1os de garant\u00eda.<\/p>\n<p><iframe loading=\"lazy\" src=\"https:\/\/www.youtube.com\/embed\/pY1lj13rsYw\" width=\"560\" height=\"315\" frameborder=\"0\" allowfullscreen=\"allowfullscreen\"><\/iframe><\/p>\n","protected":false},"featured_media":1757,"comment_status":"open","ping_status":"closed","template":"","meta":[],"product_brand":[],"product_cat":[42,27],"product_tag":[34,36,41],"class_list":{"0":"post-1756","1":"product","2":"type-product","3":"status-publish","4":"has-post-thumbnail","6":"product_cat-dual","7":"product_cat-soldadoras","8":"product_tag-mig","9":"product_tag-mma","10":"product_tag-soldadora-dual","12":"first","13":"outofstock","14":"shipping-taxable","15":"purchasable","16":"product-type-simple"},"jetpack_sharing_enabled":true,"_links":{"self":[{"href":"https:\/\/h.mkfetlabs.com\/index.php\/wp-json\/wp\/v2\/product\/1756","targetHints":{"allow":["GET"]}}],"collection":[{"href":"https:\/\/h.mkfetlabs.com\/index.php\/wp-json\/wp\/v2\/product"}],"about":[{"href":"https:\/\/h.mkfetlabs.com\/index.php\/wp-json\/wp\/v2\/types\/product"}],"replies":[{"embeddable":true,"href":"https:\/\/h.mkfetlabs.com\/index.php\/wp-json\/wp\/v2\/comments?post=1756"}],"wp:featuredmedia":[{"embeddable":true,"href":"https:\/\/h.mkfetlabs.com\/index.php\/wp-json\/wp\/v2\/media\/1757"}],"wp:attachment":[{"href":"https:\/\/h.mkfetlabs.com\/index.php\/wp-json\/wp\/v2\/media?parent=1756"}],"wp:term":[{"taxonomy":"product_brand","embeddable":true,"href":"https:\/\/h.mkfetlabs.com\/index.php\/wp-json\/wp\/v2\/product_brand?post=1756"},{"taxonomy":"product_cat","embeddable":true,"href":"https:\/\/h.mkfetlabs.com\/index.php\/wp-json\/wp\/v2\/product_cat?post=1756"},{"taxonomy":"product_tag","embeddable":true,"href":"https:\/\/h.mkfetlabs.com\/index.php\/wp-json\/wp\/v2\/product_tag?post=1756"}],"curies":[{"name":"wp","href":"https:\/\/api.w.org\/{rel}","templated":true}]}}