{"id":1767,"date":"2024-04-14T15:36:44","date_gmt":"2024-04-14T18:36:44","guid":{"rendered":"https:\/\/h.mkfetlabs.com\/?post_type=product&#038;p=1767"},"modified":"2025-01-16T10:46:55","modified_gmt":"2025-01-16T13:46:55","slug":"soldadora-mig-smart-mig350-trifasica","status":"publish","type":"product","link":"https:\/\/h.mkfetlabs.com\/index.php\/producto\/soldadora-mig-smart-mig350-trifasica\/","title":{"rendered":"Soldadora MIG \u2022 SMART-MIG350 Trif\u00e1sica"},"content":{"rendered":"<p>CARACTER\u00cdSTICAS T\u00c9CNICAS:<\/p>\n<p>\u2022 Tensi\u00f3n de entrada: 2PH AC 380 V ( \u00b1 15%)<br \/>\n\u2022 Frecuencia: 50 Hz<br \/>\n\u2022 Capacidad de entrada nominal: 15,5 Kw<br \/>\n\u2022 Corriente de entrada nominal: 41 A<br \/>\n\u2022 Ciclo de trabajo MIG-MAG ( 40 \u00baC) (%) 250 A \/ 26,5 V<br \/>\n@ 100% \/\/ 350 A \/ 31,5 V @ 50%<br \/>\n\u2022 Tensi\u00f3n en vac\u00edo (V): 41 (AC).<br \/>\n\u2022 Rango de trabajo de salida MIG-MAG (A): 35 \/ 350<br \/>\n\u2022 Eficiencia: 80 %<br \/>\n\u2022 Clase de protecci\u00f3n: IP21S<br \/>\n\u2022 Grado de aislamiento: H<br \/>\n\u2022 Norma t\u00e9cnica: (IEC) EN 60974-1<br \/>\n\u2022 Tipo de enfriamiento: forzado<br \/>\n\u2022 Tama\u00f1o: 970 X 565 X 890 mm<br \/>\n\u2022 Peso: 108 Kg<\/p>\n<p>&nbsp;<\/p>\n","protected":false},"excerpt":{"rendered":"<p><span style=\"color: #ff0000;\"><strong>Este producto estar\u00e1 disponible 7 d\u00edas despu\u00e9s de la compra.<\/strong><\/span><\/p>\n<blockquote>\n<ul>\n<li><strong><a class=\"wplink-url-error\" tabindex=\"-1\" href=\"https:\/\/h.mkfetlabs.com\/index.php\/pagos-por-transferencia\/\" target=\"_blank\" rel=\"noopener\">Para pagos por transferencia, clic aqu\u00ed.<\/a><\/strong><\/li>\n<\/ul>\n<\/blockquote>\n<p>\u2022 Especial para utilizar alambres de 0,8 mm, 0,9 mm, 1 mm, 1,2 mm y 1,6 mm.<br \/>\n\u2022 Tipos de insumos: alambres macizos.<br \/>\n\u2022 Capacidad de rollos de Alambres: 5 Kg, 15 Kg y 18 Kg.<br \/>\n\u2022 28 puntos de ajuste de voltaje.<br \/>\n\u2022 Con control de inductancia.<br \/>\n\u2022 Control de paso autom\u00e1tico de alambre.<br \/>\n\u2022 Posee control 2T y 4T.<br \/>\n\u2022 Con control de punto a punto.<br \/>\n\u2022 Con control de post gas.<br \/>\n\u2022 Incluye una torcha MIG con EURO ACOPLE.<br \/>\n\u2022 Tipo de clavija: DKJ 35-50<\/p>\n<p>&nbsp;<\/p>\n","protected":false},"featured_media":1768,"comment_status":"open","ping_status":"closed","template":"","meta":[],"product_brand":[],"product_cat":[47,43,27],"product_tag":[34,33],"class_list":{"0":"post-1767","1":"product","2":"type-product","3":"status-publish","4":"has-post-thumbnail","6":"product_cat-industrial","7":"product_cat-mig","8":"product_cat-soldadoras","9":"product_tag-mig","10":"product_tag-soldadora-mig","11":"product_shipping_class-pesados","13":"first","14":"outofstock","15":"shipping-taxable","16":"purchasable","17":"product-type-simple"},"jetpack_sharing_enabled":true,"_links":{"self":[{"href":"https:\/\/h.mkfetlabs.com\/index.php\/wp-json\/wp\/v2\/product\/1767","targetHints":{"allow":["GET"]}}],"collection":[{"href":"https:\/\/h.mkfetlabs.com\/index.php\/wp-json\/wp\/v2\/product"}],"about":[{"href":"https:\/\/h.mkfetlabs.com\/index.php\/wp-json\/wp\/v2\/types\/product"}],"replies":[{"embeddable":true,"href":"https:\/\/h.mkfetlabs.com\/index.php\/wp-json\/wp\/v2\/comments?post=1767"}],"wp:featuredmedia":[{"embeddable":true,"href":"https:\/\/h.mkfetlabs.com\/index.php\/wp-json\/wp\/v2\/media\/1768"}],"wp:attachment":[{"href":"https:\/\/h.mkfetlabs.com\/index.php\/wp-json\/wp\/v2\/media?parent=1767"}],"wp:term":[{"taxonomy":"product_brand","embeddable":true,"href":"https:\/\/h.mkfetlabs.com\/index.php\/wp-json\/wp\/v2\/product_brand?post=1767"},{"taxonomy":"product_cat","embeddable":true,"href":"https:\/\/h.mkfetlabs.com\/index.php\/wp-json\/wp\/v2\/product_cat?post=1767"},{"taxonomy":"product_tag","embeddable":true,"href":"https:\/\/h.mkfetlabs.com\/index.php\/wp-json\/wp\/v2\/product_tag?post=1767"}],"curies":[{"name":"wp","href":"https:\/\/api.w.org\/{rel}","templated":true}]}}