{"id":1800,"date":"2024-04-15T08:57:20","date_gmt":"2024-04-15T11:57:20","guid":{"rendered":"https:\/\/h.mkfetlabs.com\/?post_type=product&#038;p=1800"},"modified":"2026-04-01T11:28:57","modified_gmt":"2026-04-01T14:28:57","slug":"soldadora-trifasica-inverter-mma-rectificadora-mma-400","status":"publish","type":"product","link":"https:\/\/h.mkfetlabs.com\/index.php\/producto\/soldadora-trifasica-inverter-mma-rectificadora-mma-400\/","title":{"rendered":"Soldadora trif\u00e1sica inverter MMA RECTIFICADORA &#8211; MMA-400"},"content":{"rendered":"<p>CARACTER\u00cdSTICAS T\u00c9CNICAS:<\/p>\n<p>\u2022 Tensi\u00f3n de entrada: 3 Ph AC 380 V ( \u00b1 15%).<br \/>\n\u2022 Frecuencia: 50 Hz<br \/>\n\u2022 Capacidad de entrada nominal: 17 Kw<br \/>\n\u2022 Corriente de entrada nominal: 45 A<br \/>\n\u2022 Ciclo de trabajo ( 40 \u00baC) (%): 310 A \/ 32,4 V<br \/>\n@ 100 % \/\/ 400 A \/ 36 V @ 40 %<br \/>\n\u2022 Tensi\u00f3n en vac\u00edo: 67 V<br \/>\n\u2022 Rango de trabajo de salida (A): 40 \/ 400.<br \/>\n\u2022 Control de ARC FORCE.<br \/>\n\u2022 Control de Hot ARC.<br \/>\n\u2022 Eficiencia: 85 %<br \/>\n\u2022 Clase de protecci\u00f3n: IP21S<br \/>\n\u2022 Grado de aislamiento: H<br \/>\n\u2022 Norma t\u00e9cnica: (IEC) EN 60974-1<br \/>\n\u2022 Tipo de enfriamiento: forzado<br \/>\n\u2022 Tama\u00f1o: 500 X 250 X 476 mm<br \/>\n\u2022 Peso: 19,5 Kg<\/p>\n<p>&nbsp;<\/p>\n","protected":false},"excerpt":{"rendered":"<p><span style=\"color: #ff0000;\"><strong>Este producto estar\u00e1 disponible 7 d\u00edas despu\u00e9s de la compra.<\/strong><\/span><\/p>\n<blockquote>\n<ul>\n<li><strong><a class=\"wplink-url-error\" tabindex=\"-1\" href=\"https:\/\/h.mkfetlabs.com\/index.php\/pagos-por-transferencia\/\" target=\"_blank\" rel=\"noopener\">Para pagos por transferencia, clic aqu\u00ed.<\/a><\/strong><\/li>\n<\/ul>\n<\/blockquote>\n<p>Soldadora trif\u00e1sica para trabajo intensivo industrial.<\/p>\n<p><strong>2 a\u00f1os de garant\u00eda por defecto de f\u00e1brica.<\/strong><\/p>\n","protected":false},"featured_media":1801,"comment_status":"open","ping_status":"closed","template":"","meta":[],"product_brand":[],"product_cat":[47,44,27],"product_tag":[35],"class_list":{"0":"post-1800","1":"product","2":"type-product","3":"status-publish","4":"has-post-thumbnail","6":"product_cat-industrial","7":"product_cat-mma","8":"product_cat-soldadoras","9":"product_tag-soldadora-mma","11":"first","12":"outofstock","13":"shipping-taxable","14":"purchasable","15":"product-type-simple"},"jetpack_sharing_enabled":true,"_links":{"self":[{"href":"https:\/\/h.mkfetlabs.com\/index.php\/wp-json\/wp\/v2\/product\/1800","targetHints":{"allow":["GET"]}}],"collection":[{"href":"https:\/\/h.mkfetlabs.com\/index.php\/wp-json\/wp\/v2\/product"}],"about":[{"href":"https:\/\/h.mkfetlabs.com\/index.php\/wp-json\/wp\/v2\/types\/product"}],"replies":[{"embeddable":true,"href":"https:\/\/h.mkfetlabs.com\/index.php\/wp-json\/wp\/v2\/comments?post=1800"}],"wp:featuredmedia":[{"embeddable":true,"href":"https:\/\/h.mkfetlabs.com\/index.php\/wp-json\/wp\/v2\/media\/1801"}],"wp:attachment":[{"href":"https:\/\/h.mkfetlabs.com\/index.php\/wp-json\/wp\/v2\/media?parent=1800"}],"wp:term":[{"taxonomy":"product_brand","embeddable":true,"href":"https:\/\/h.mkfetlabs.com\/index.php\/wp-json\/wp\/v2\/product_brand?post=1800"},{"taxonomy":"product_cat","embeddable":true,"href":"https:\/\/h.mkfetlabs.com\/index.php\/wp-json\/wp\/v2\/product_cat?post=1800"},{"taxonomy":"product_tag","embeddable":true,"href":"https:\/\/h.mkfetlabs.com\/index.php\/wp-json\/wp\/v2\/product_tag?post=1800"}],"curies":[{"name":"wp","href":"https:\/\/api.w.org\/{rel}","templated":true}]}}