{"id":2018,"date":"2024-06-16T19:45:47","date_gmt":"2024-06-16T22:45:47","guid":{"rendered":"https:\/\/h.mkfetlabs.com\/?post_type=product&#038;p=2018"},"modified":"2026-03-31T14:01:39","modified_gmt":"2026-03-31T17:01:39","slug":"diodo-ultra-fast-uf5408-1000v-3a","status":"publish","type":"product","link":"https:\/\/h.mkfetlabs.com\/index.php\/producto\/diodo-ultra-fast-uf5408-1000v-3a\/","title":{"rendered":"Diodo Ultra Fast UF5408 &#8211; 1000v 3a"},"content":{"rendered":"<p>Diodo utilizado normalmente en fuentes conmutadas de alta frecuencia.<\/p>\n<p>&nbsp;<\/p>\n","protected":false},"excerpt":{"rendered":"<p><span style=\"color: #ff0000;\"><strong>Los componentes electr\u00f3nicos no tienen garant\u00eda ni devoluci\u00f3n. Haga su consulta antes de realizar la compra.<\/strong><\/span><\/p>\n<p>DIODO rectificador ultrarr\u00e1pido <strong>UF5408<\/strong> de 3 Amperes 1000 voltios en 25\u00b0.<\/p>\n<p><strong>Ver <\/strong><a href=\"https:\/\/www.vishay.com\/docs\/88756\/uf5400.pdf\" target=\"_blank\" rel=\"noopener\"><strong>Datasheet<\/strong><\/a>.<\/p>\n","protected":false},"featured_media":2019,"comment_status":"open","ping_status":"closed","template":"","meta":[],"product_brand":[],"product_cat":[58,31],"product_tag":[59,55],"class_list":{"0":"post-2018","1":"product","2":"type-product","3":"status-publish","4":"has-post-thumbnail","6":"product_cat-electronica","7":"product_cat-repuestos","8":"product_tag-electronica","9":"product_tag-repuestos","11":"first","12":"outofstock","13":"shipping-taxable","14":"purchasable","15":"product-type-simple"},"jetpack_sharing_enabled":true,"_links":{"self":[{"href":"https:\/\/h.mkfetlabs.com\/index.php\/wp-json\/wp\/v2\/product\/2018","targetHints":{"allow":["GET"]}}],"collection":[{"href":"https:\/\/h.mkfetlabs.com\/index.php\/wp-json\/wp\/v2\/product"}],"about":[{"href":"https:\/\/h.mkfetlabs.com\/index.php\/wp-json\/wp\/v2\/types\/product"}],"replies":[{"embeddable":true,"href":"https:\/\/h.mkfetlabs.com\/index.php\/wp-json\/wp\/v2\/comments?post=2018"}],"wp:featuredmedia":[{"embeddable":true,"href":"https:\/\/h.mkfetlabs.com\/index.php\/wp-json\/wp\/v2\/media\/2019"}],"wp:attachment":[{"href":"https:\/\/h.mkfetlabs.com\/index.php\/wp-json\/wp\/v2\/media?parent=2018"}],"wp:term":[{"taxonomy":"product_brand","embeddable":true,"href":"https:\/\/h.mkfetlabs.com\/index.php\/wp-json\/wp\/v2\/product_brand?post=2018"},{"taxonomy":"product_cat","embeddable":true,"href":"https:\/\/h.mkfetlabs.com\/index.php\/wp-json\/wp\/v2\/product_cat?post=2018"},{"taxonomy":"product_tag","embeddable":true,"href":"https:\/\/h.mkfetlabs.com\/index.php\/wp-json\/wp\/v2\/product_tag?post=2018"}],"curies":[{"name":"wp","href":"https:\/\/api.w.org\/{rel}","templated":true}]}}