{"id":2049,"date":"2025-01-12T20:39:09","date_gmt":"2025-01-12T23:39:09","guid":{"rendered":"https:\/\/h.mkfetlabs.com\/?post_type=product&#038;p=2049"},"modified":"2026-03-31T14:00:45","modified_gmt":"2026-03-31T17:00:45","slug":"cargador-de-bateria-inteligente-de-12v-20a","status":"publish","type":"product","link":"https:\/\/h.mkfetlabs.com\/index.php\/producto\/cargador-de-bateria-inteligente-de-12v-20a\/","title":{"rendered":"Cargador de Bater\u00eda inteligente de 12V &#8211; 20A"},"content":{"rendered":"<p>CARACTER\u00cdSTICAS T\u00c9CNICAS:<\/p>\n<p>\u2022 Carga bater\u00edas de Plomo\/\u00e1cido de 12 Vcc.<br \/>\n\u2022 Microprocesador inteligente para mayor seguridad y rapidez en la carga<br \/>\n\u2022 Ideal para Autos, \u00d3mnibus, Camiones, Yates, Motos y Casas rodantes.<br \/>\n\u2022 Protecci\u00f3n de sobrecarga, de polarizaci\u00f3n inversa, de descarga, de temperatura<br \/>\nde chispa y de cortocircuito.<br \/>\n\u2022 2 veces m\u00e1s r\u00e1pido.<br \/>\n\u2022 85% de eficiencia.<\/p>\n","protected":false},"excerpt":{"rendered":"<p><span style=\"color: #ff0000;\"><strong>Este producto estar\u00e1 disponible 7 d\u00edas despu\u00e9s de la compra.<\/strong><\/span><\/p>\n<blockquote>\n<ul>\n<li><strong><a class=\"wplink-url-error\" tabindex=\"-1\" href=\"https:\/\/h.mkfetlabs.com\/index.php\/pagos-por-transferencia\/\" target=\"_blank\" rel=\"noopener\">Para pagos por transferencia, clic aqu\u00ed.<\/a><\/strong><\/li>\n<\/ul>\n<\/blockquote>\n<p>Informamos que, por el momento, no emitimos boleta A<\/p>\n<p>Ficha T\u00e9cnica:<\/p>\n<p>\u2022 Tensi\u00f3n: 220 V ~ 50 Hz<br \/>\n\u2022 Salida: 12 V<br \/>\n\u2022 Potencia: 20 A<br \/>\n\u2022 Posee pantalla: LCD<\/p>\n<p><iframe loading=\"lazy\" src=\"https:\/\/www.youtube.com\/embed\/l-pXj2SyjK0\" width=\"560\" height=\"315\" frameborder=\"0\" allowfullscreen=\"allowfullscreen\"><\/iframe><\/p>\n<p>&nbsp;<\/p>\n","protected":false},"featured_media":2050,"comment_status":"open","ping_status":"closed","template":"","meta":[],"product_brand":[],"product_cat":[61,32,28],"product_tag":[62,60],"class_list":{"0":"post-2049","1":"product","2":"type-product","3":"status-publish","4":"has-post-thumbnail","6":"product_cat-cargador","7":"product_cat-herramientas","8":"product_cat-hobbista","9":"product_tag-cargador","10":"product_tag-herramientas","12":"first","13":"outofstock","14":"shipping-taxable","15":"purchasable","16":"product-type-simple"},"jetpack_sharing_enabled":true,"_links":{"self":[{"href":"https:\/\/h.mkfetlabs.com\/index.php\/wp-json\/wp\/v2\/product\/2049","targetHints":{"allow":["GET"]}}],"collection":[{"href":"https:\/\/h.mkfetlabs.com\/index.php\/wp-json\/wp\/v2\/product"}],"about":[{"href":"https:\/\/h.mkfetlabs.com\/index.php\/wp-json\/wp\/v2\/types\/product"}],"replies":[{"embeddable":true,"href":"https:\/\/h.mkfetlabs.com\/index.php\/wp-json\/wp\/v2\/comments?post=2049"}],"wp:featuredmedia":[{"embeddable":true,"href":"https:\/\/h.mkfetlabs.com\/index.php\/wp-json\/wp\/v2\/media\/2050"}],"wp:attachment":[{"href":"https:\/\/h.mkfetlabs.com\/index.php\/wp-json\/wp\/v2\/media?parent=2049"}],"wp:term":[{"taxonomy":"product_brand","embeddable":true,"href":"https:\/\/h.mkfetlabs.com\/index.php\/wp-json\/wp\/v2\/product_brand?post=2049"},{"taxonomy":"product_cat","embeddable":true,"href":"https:\/\/h.mkfetlabs.com\/index.php\/wp-json\/wp\/v2\/product_cat?post=2049"},{"taxonomy":"product_tag","embeddable":true,"href":"https:\/\/h.mkfetlabs.com\/index.php\/wp-json\/wp\/v2\/product_tag?post=2049"}],"curies":[{"name":"wp","href":"https:\/\/api.w.org\/{rel}","templated":true}]}}