{"id":2063,"date":"2025-01-13T10:10:58","date_gmt":"2025-01-13T13:10:58","guid":{"rendered":"https:\/\/h.mkfetlabs.com\/?post_type=product&#038;p=2063"},"modified":"2026-03-31T14:00:21","modified_gmt":"2026-03-31T17:00:21","slug":"cargador-de-12v-24v-30a-arrancador-180a","status":"publish","type":"product","link":"https:\/\/h.mkfetlabs.com\/index.php\/producto\/cargador-de-12v-24v-30a-arrancador-180a\/","title":{"rendered":"Cargador de 12V\/24V &#8211; 30A &#8211; Arrancador 180A"},"content":{"rendered":"<p>CARACTER\u00cdSTICAS T\u00c9CNICAS:<\/p>\n<p>\u2022 Semi Profesional.<br \/>\n\u2022 Para talleres.<br \/>\n\u2022 Para cargar bater\u00edas de autos y motos.<\/p>\n","protected":false},"excerpt":{"rendered":"<p><span style=\"color: #ff0000;\"><strong>Este producto estar\u00e1 disponible 7 d\u00edas despu\u00e9s de la compra.<\/strong><\/span><\/p>\n<blockquote>\n<ul>\n<li><strong><a class=\"wplink-url-error\" tabindex=\"-1\" href=\"https:\/\/h.mkfetlabs.com\/index.php\/pagos-por-transferencia\/\" target=\"_blank\" rel=\"noopener\">Para pagos por transferencia, clic aqu\u00ed.<\/a><\/strong><\/li>\n<\/ul>\n<\/blockquote>\n<p>Informamos que, por el momento, no emitimos boleta A<\/p>\n<p>Ficha T\u00e9cnica:<\/p>\n<p>\u2022 Potencia: 30 A<br \/>\n\u2022 Voltaje: 220 V ~ 50 Hz<br \/>\n\u2022 Salida: 12 \/ 24 V<br \/>\n\u2022 Capacidad de bater\u00eda: 500 Ah<br \/>\n\u2022 Potencia m\u00e1xima de carga 1 Kw<br \/>\n\u2022 Potencia m\u00e1xima de arranque: 6,4 Kw<br \/>\n\u2022 Arranque: 180 A<br \/>\n\u2022 Color: negro y naranja<\/p>\n<p><strong>INCLUYE:<\/strong><br \/>\n&#8211; Pinza de maza negra negativo<br \/>\n&#8211; Pinza de maza roja positiva<br \/>\n&#8211; 2 fusibles de 50 A<br \/>\n&#8211; Rueda de traslado<br \/>\n&#8211; Manija<\/p>\n<p><iframe loading=\"lazy\" src=\"https:\/\/www.youtube.com\/embed\/th_mXXP9i2w\" width=\"560\" height=\"315\" frameborder=\"0\" allowfullscreen=\"allowfullscreen\"><\/iframe><\/p>\n<p>&nbsp;<\/p>\n","protected":false},"featured_media":2064,"comment_status":"open","ping_status":"closed","template":"","meta":[],"product_brand":[],"product_cat":[61,32,28],"product_tag":[63,62,60],"class_list":{"0":"post-2063","1":"product","2":"type-product","3":"status-publish","4":"has-post-thumbnail","6":"product_cat-cargador","7":"product_cat-herramientas","8":"product_cat-hobbista","9":"product_tag-arrancador","10":"product_tag-cargador","11":"product_tag-herramientas","13":"first","14":"outofstock","15":"shipping-taxable","16":"purchasable","17":"product-type-simple"},"jetpack_sharing_enabled":true,"_links":{"self":[{"href":"https:\/\/h.mkfetlabs.com\/index.php\/wp-json\/wp\/v2\/product\/2063","targetHints":{"allow":["GET"]}}],"collection":[{"href":"https:\/\/h.mkfetlabs.com\/index.php\/wp-json\/wp\/v2\/product"}],"about":[{"href":"https:\/\/h.mkfetlabs.com\/index.php\/wp-json\/wp\/v2\/types\/product"}],"replies":[{"embeddable":true,"href":"https:\/\/h.mkfetlabs.com\/index.php\/wp-json\/wp\/v2\/comments?post=2063"}],"wp:featuredmedia":[{"embeddable":true,"href":"https:\/\/h.mkfetlabs.com\/index.php\/wp-json\/wp\/v2\/media\/2064"}],"wp:attachment":[{"href":"https:\/\/h.mkfetlabs.com\/index.php\/wp-json\/wp\/v2\/media?parent=2063"}],"wp:term":[{"taxonomy":"product_brand","embeddable":true,"href":"https:\/\/h.mkfetlabs.com\/index.php\/wp-json\/wp\/v2\/product_brand?post=2063"},{"taxonomy":"product_cat","embeddable":true,"href":"https:\/\/h.mkfetlabs.com\/index.php\/wp-json\/wp\/v2\/product_cat?post=2063"},{"taxonomy":"product_tag","embeddable":true,"href":"https:\/\/h.mkfetlabs.com\/index.php\/wp-json\/wp\/v2\/product_tag?post=2063"}],"curies":[{"name":"wp","href":"https:\/\/api.w.org\/{rel}","templated":true}]}}