{"id":2080,"date":"2025-01-13T13:06:39","date_gmt":"2025-01-13T16:06:39","guid":{"rendered":"https:\/\/h.mkfetlabs.com\/?post_type=product&#038;p=2080"},"modified":"2026-03-31T13:59:50","modified_gmt":"2026-03-31T16:59:50","slug":"cargador-de-6v-12v-24v-70a-arrancador-750a","status":"publish","type":"product","link":"https:\/\/h.mkfetlabs.com\/index.php\/producto\/cargador-de-6v-12v-24v-70a-arrancador-750a\/","title":{"rendered":"Cargador de 6V\/12V\/24V &#8211; 70A &#8211; Arrancador 750A"},"content":{"rendered":"<p>CARACTER\u00cdSTICAS T\u00c9CNICAS:<\/p>\n<p>\u2022 Pantalla LED<br \/>\n\u2022 Manija de traslado<br \/>\n\u2022 Caj\u00f3n para accesorios<br \/>\n\u2022 Bandeja porta cables<br \/>\n\u2022 Ruedas de bloqueo<br \/>\n\u2022 Microprocesador inteligente<br \/>\n\u2022 Detector autom\u00e1tico de motor<br \/>\n\u2022 Funciones de: chequeo\/comprobaci\u00f3n, reparaci\u00f3n y alimentaci\u00f3n<br \/>\n\u2022 Protecci\u00f3n contra polaridad inversa<br \/>\n\u2022 Dise\u00f1ado para cargar todo tipo de bater\u00edas de plomo-\u00e1cido\/litio<\/p>\n","protected":false},"excerpt":{"rendered":"<p><span style=\"color: #ff0000;\"><strong>Este producto estar\u00e1 disponible 7 d\u00edas despu\u00e9s de la compra.<\/strong><\/span><\/p>\n<blockquote>\n<ul>\n<li><strong><a class=\"wplink-url-error\" tabindex=\"-1\" href=\"https:\/\/h.mkfetlabs.com\/index.php\/pagos-por-transferencia\/\" target=\"_blank\" rel=\"noopener\">Para pagos por transferencia, clic aqu\u00ed.<\/a><\/strong><\/li>\n<\/ul>\n<\/blockquote>\n<p>Informamos que, por el momento, no emitimos boleta A<\/p>\n<p>Ficha T\u00e9cnica:<\/p>\n<p>\u2022 Voltaje: 220 V &#8211; 50 Hz.<br \/>\n\u2022 Potencia: 2500 W<br \/>\n\u2022 M\u00e1x. voltaje de salida: 76 V<br \/>\n\u2022 Salida: cargador 6Vcc\/ 5A\/10A \/45A &#8211; 12Vcc\/lOA\/45A\/70A 24Vcc\/ 10A\/45A\/60A arrancador \/l2Vcc \/ 24Vcc 750A<br \/>\n\u2022 Para arranque: (l2VCD\/24VCD) 70AS-1Ss ON\u00b7 240s OFF\u00bb PEAK 1000A<br \/>\n\u2022 Voltaje de arranque: &gt;1V<br \/>\n\u2022 Tipo de carga: 10 pasos, ciclo de carga completamente autom\u00e1tico<br \/>\n\u2022 Protecci\u00f3n: IP20<br \/>\n\u2022 Bater\u00edas recomendadas: Todos los tipos 6V Lead-acid y 12V Lead-acid &amp; 12V lithium Ion<br \/>\nBater\u00edas (LiFePO4 de 4 Celdas) y 24V Lead-acid<br \/>\n\u2022 Capacidad de bater\u00eda: 15-550ah (6V) \/ 15-750ah (12V) 15-550ah (24V)<br \/>\n\u2022 Garant\u00eda: 3 a\u00f1os<\/p>\n<p><strong>INCLUYE<\/strong><\/p>\n<p>\u2022 4 ruedas (2 con bloqueo)<br \/>\n\u2022 Par de cocodrilos<br \/>\n\u2022 Control de temperatura<\/p>\n<p><iframe loading=\"lazy\" src=\"https:\/\/www.youtube.com\/embed\/7aT_HXFryMk\" width=\"560\" height=\"315\" frameborder=\"0\" allowfullscreen=\"allowfullscreen\"><\/iframe><\/p>\n<p>&nbsp;<\/p>\n","protected":false},"featured_media":2081,"comment_status":"open","ping_status":"closed","template":"","meta":[],"product_brand":[],"product_cat":[64,61,32,47],"product_tag":[63,62,60],"class_list":{"0":"post-2080","1":"product","2":"type-product","3":"status-publish","4":"has-post-thumbnail","6":"product_cat-arrancador","7":"product_cat-cargador","8":"product_cat-herramientas","9":"product_cat-industrial","10":"product_tag-arrancador","11":"product_tag-cargador","12":"product_tag-herramientas","14":"first","15":"outofstock","16":"shipping-taxable","17":"purchasable","18":"product-type-simple"},"jetpack_sharing_enabled":true,"_links":{"self":[{"href":"https:\/\/h.mkfetlabs.com\/index.php\/wp-json\/wp\/v2\/product\/2080","targetHints":{"allow":["GET"]}}],"collection":[{"href":"https:\/\/h.mkfetlabs.com\/index.php\/wp-json\/wp\/v2\/product"}],"about":[{"href":"https:\/\/h.mkfetlabs.com\/index.php\/wp-json\/wp\/v2\/types\/product"}],"replies":[{"embeddable":true,"href":"https:\/\/h.mkfetlabs.com\/index.php\/wp-json\/wp\/v2\/comments?post=2080"}],"wp:featuredmedia":[{"embeddable":true,"href":"https:\/\/h.mkfetlabs.com\/index.php\/wp-json\/wp\/v2\/media\/2081"}],"wp:attachment":[{"href":"https:\/\/h.mkfetlabs.com\/index.php\/wp-json\/wp\/v2\/media?parent=2080"}],"wp:term":[{"taxonomy":"product_brand","embeddable":true,"href":"https:\/\/h.mkfetlabs.com\/index.php\/wp-json\/wp\/v2\/product_brand?post=2080"},{"taxonomy":"product_cat","embeddable":true,"href":"https:\/\/h.mkfetlabs.com\/index.php\/wp-json\/wp\/v2\/product_cat?post=2080"},{"taxonomy":"product_tag","embeddable":true,"href":"https:\/\/h.mkfetlabs.com\/index.php\/wp-json\/wp\/v2\/product_tag?post=2080"}],"curies":[{"name":"wp","href":"https:\/\/api.w.org\/{rel}","templated":true}]}}