{"id":887,"date":"2023-10-15T05:05:29","date_gmt":"2023-10-15T03:05:29","guid":{"rendered":"https:\/\/h.mkfetlabs.com\/?post_type=product&#038;p=887"},"modified":"2024-06-21T13:54:57","modified_gmt":"2024-06-21T16:54:57","slug":"d25u20","status":"publish","type":"product","link":"https:\/\/h.mkfetlabs.com\/index.php\/producto\/d25u20\/","title":{"rendered":"Diodo doble de alta frecuencia D25U20 ORIGINAL &#8211; L\u00fcsqtoff"},"content":{"rendered":"<p>Diodo doble <span class=\"Y2IQFc\" lang=\"es\">de recuperaci\u00f3n ultrarr\u00e1pida<\/span> compatible con IRON-150\/ IRON-180\/IRON-250\/IRON-300.<\/p>\n","protected":false},"excerpt":{"rendered":"<p><span style=\"color: #ff0000;\"><strong>Los componentes electr\u00f3nicos no tienen garant\u00eda ni devoluci\u00f3n. Haga su consulta antes de realizar la compra.<\/strong><\/span><\/p>\n<p>DIODO SL7GRF de 12.5 Amper por diodo. Total: 25A 200V.<\/p>\n<p><a href=\"https:\/\/datasheet.lcsc.com\/lcsc\/2103191911_Hangzhou-Silan-Microelectronics-SFR25U20PN_C2761774.pdf\"><span style=\"color: #3366ff;\">Ver datasheet<\/span><\/a><\/p>\n","protected":false},"featured_media":2005,"comment_status":"open","ping_status":"closed","template":"","meta":[],"product_brand":[],"product_cat":[31],"product_tag":[],"class_list":{"0":"post-887","1":"product","2":"type-product","3":"status-publish","4":"has-post-thumbnail","6":"product_cat-repuestos","8":"first","9":"outofstock","10":"shipping-taxable","11":"purchasable","12":"product-type-simple"},"jetpack_sharing_enabled":true,"_links":{"self":[{"href":"https:\/\/h.mkfetlabs.com\/index.php\/wp-json\/wp\/v2\/product\/887","targetHints":{"allow":["GET"]}}],"collection":[{"href":"https:\/\/h.mkfetlabs.com\/index.php\/wp-json\/wp\/v2\/product"}],"about":[{"href":"https:\/\/h.mkfetlabs.com\/index.php\/wp-json\/wp\/v2\/types\/product"}],"replies":[{"embeddable":true,"href":"https:\/\/h.mkfetlabs.com\/index.php\/wp-json\/wp\/v2\/comments?post=887"}],"wp:featuredmedia":[{"embeddable":true,"href":"https:\/\/h.mkfetlabs.com\/index.php\/wp-json\/wp\/v2\/media\/2005"}],"wp:attachment":[{"href":"https:\/\/h.mkfetlabs.com\/index.php\/wp-json\/wp\/v2\/media?parent=887"}],"wp:term":[{"taxonomy":"product_brand","embeddable":true,"href":"https:\/\/h.mkfetlabs.com\/index.php\/wp-json\/wp\/v2\/product_brand?post=887"},{"taxonomy":"product_cat","embeddable":true,"href":"https:\/\/h.mkfetlabs.com\/index.php\/wp-json\/wp\/v2\/product_cat?post=887"},{"taxonomy":"product_tag","embeddable":true,"href":"https:\/\/h.mkfetlabs.com\/index.php\/wp-json\/wp\/v2\/product_tag?post=887"}],"curies":[{"name":"wp","href":"https:\/\/api.w.org\/{rel}","templated":true}]}}